39?
3
What is the highest common factor of 532 and 7434?
14
What is the highest common divisor of 220 and 1795420?
220
What is the highest common divisor of 49020 and 8835?
285
What is the greatest common factor of 148 and 2864?
4
What is the greatest common divisor of 116 and 1412735?
29
What is the highest common factor of 8272 and 10622?
94
What is the highest common factor of 895 and 1779976?
179
Calculate the highest common divisor of 24339 and 2793.
399
What is the greatest common divisor of 146 and 173959?
73
What is the highest common divisor of 640 and 1180?
20
What is the highest common factor of 202426 and 741?
19
What is the greatest common divisor of 80 and 257276?
4
Calculate the highest common factor of 1890 and 2371410.
270
What is the highest common divisor of 36963 and 24?
3
What is the highest common factor of 2772 and 3960?
396
Calculate the greatest common factor of 619 and 5170507.
619
Calculate the highest common factor of 189659 and 89.
89
Calculate the highest common divisor of 1972 and 1564.
68
What is the highest common divisor of 4 and 5284?
4
Calculate the highest common divisor of 68067 and 27.
27
Calculate the greatest common divisor of 23100 and 264.
132
What is the greatest common divisor of 11911 and 107476?
277
What is the greatest common divisor of 972 and 25518888?
972
Calculate the greatest common divisor of 24 and 113484.
12
What is the greatest common factor of 55104 and 714?
42
Calculate the greatest common factor of 751713 and 762.
381
What is the greatest common factor of 245664 and 96?
96
What is the greatest common factor of 3097 and 45885?
19
What is the greatest common divisor of 284 and 99329?
71
What is the greatest common divisor of 100 and 1325?
25
Calculate the highest common divisor of 25680 and 10515.
15
What is the greatest common factor of 24 and 3972?
12
Calculate the highest common divisor of 135225 and 300.
75
Calculate the highest common divisor of 3216 and 432150.
402
Calculate the highest common factor of 1476045 and 9.
9
Calculate the greatest common factor of 62 and 220844.
62
What is the greatest common factor of 150 and 4905900?
150
What is the highest common factor of 1760 and 139590?
110
Calculate the greatest common divisor of 70 and 8780.
10
Calculate the highest common divisor of 20 and 689140.
20
What is the highest common divisor of 2603 and 14248?
137
Calculate the highest common divisor of 416 and 21568.
32
Calculate the highest common factor of 76 and 251180.
76
What is the highest common factor of 82 and 509794?
82
Calculate the highest common divisor of 27360 and 192.
96
What is the greatest common divisor of 125 and 500875?
125
What is the highest common divisor of 5790 and 11490?
30
What is the highest common factor of 15226 and 138?
46
Calculate the highest common divisor of 207 and 64032.
69
Calculate the highest common factor of 632 and 281714.
158
Calculate the greatest common factor of 798 and 343602.
42
Calculate the greatest common factor of 5049227 and 199.
199
Calculate the greatest common factor of 1815230 and 50.
10
Calculate the greatest common divisor of 17125 and 34935.
685
What is the highest common factor of 46900 and 40600?
700
What is the greatest common factor of 1665048 and 4284?
1428
What is the highest common divisor of 319 and 20460?
11
What is the highest common divisor of 60780 and 2460?
60
What is the greatest common divisor of 20628 and 9288?
108
What is the greatest common divisor of 235107 and 18684?
1557
Calculate the highest common factor of 88 and 341.
11
What is the highest common factor of 21816 and 315928?
808
Calculate the highest common factor of 110515 and 115.
115
Calculate the highest common divisor of 1242820 and 140.
20
Calculate the highest common factor of 11615 and 345.
115
What is the highest common divisor of 255992 and 110?
22
Calculate the greatest common divisor of 3918 and 54.
6
Calculate the greatest common factor of 33075 and 11151.
189
What is the highest common factor of 2677255 and 35?
35
What is the highest common divisor of 68355 and 1023?
93
Calculate the highest common factor of 77 and 189387.
11
Calculate the greatest common factor of 1690 and 43433.
169
Calculate the greatest common factor of 1118037 and 174.
87
Calculate the greatest common factor of 54 and 183390.
6
Calculate the highest common divisor of 222704 and 496.
496
Calculate the greatest common factor of 47 and 2274283.
47
What is the highest common divisor of 17062 and 536106?
898
Calculate the highest common divisor of 28497 and 84525.
483
What is the highest common factor of 25350 and 915?
15
Calculate the highest common divisor of 88725 and 80.
5
Calculate the highest common divisor of 491418 and 414.
414
What is the greatest common divisor of 46449 and 117?
117
Calculate the greatest common divisor of 31680 and 540.
180
Calculate the greatest common factor of 359 and 87237.
359
What is the highest common divisor of 1904 and 10704?
16
What is the greatest common factor of 660 and 9372?
132
What is the highest common divisor of 8227119 and 1689?
1689
Calculate the highest common factor of 17964 and 11052.
36
What is the highest common factor of 10615 and 193?
193
What is the highest common divisor of 1930 and 22620?
10
What is the highest common factor of 198 and 7446?
6
What is the greatest common divisor of 252 and 105021?
63
Calculate the highest common divisor of 56 and 126182.
14
Calculate the highest common divisor of 204 and 13644.
12
What is the greatest common factor of 43110 and 270?
90
What is the greatest common divisor of 2940461 and 188?
47
What is the highest common divisor of 4650 and 24?
6
Calculate the greatest common factor of 1860 and 708.
12
What is the greatest common factor of 309 and 47991?
3
What is the highest common divisor of 818 and 6411893?
409
What is the highest common factor of 36 and 786?
6
What is the greatest common divisor of 5004 and 2083332?
1668
What is the greatest common divisor of 8 and 34116?
4
What is the greatest common divisor of 15 and 21019305?
15
What is the greatest common divisor of 1488 and 50964?
372
Calculate the highest common factor of 186599 and 483.
161
What is the highest common factor of 2056 and 5272?
8
What is the highest common divisor of 212132 and 2896?
724
Calculate the highest common factor of 558 and 7440651.
279
What is the highest common factor of 68910 and 660?
30
Calculate the greatest common factor of 48678 and 30.
6
Calculate the highest common factor of 75958 and 16310.
466
What is the greatest common factor of 105 and 184100?
35
What is the highest common factor of 11219 and 6149?
13
What is the greatest common divisor of 8148 and 1260?
84
What is the highest common divisor of 4 and 4049?
1
What is the highest common factor of 53484 and 8?
4
Calculate the highest common factor of 1486175 and 50.
25
What is the highest common divisor of 196456 and 13?
13
Calculate the highest common divisor of 55 and 2255.
55
Calculate the highest common divisor of 570 and 2280.
570
What is the highest common divisor of 26975 and 130?
65
Calculate the highest common divisor of 1320 and 15334440.
1320
What is the highest common divisor of 2965 and 1565?
5
Calculate the highest common factor of 687765 and 1560.
195
What is the highest common divisor of 3 and 124329?
3
What is the highest common factor of 2146 and 870?
58
What is the greatest common divisor of 900 and 115650?
450
Calculate the greatest common factor of 58344 and 170.
34
Calculate the highest common factor of 612 and 771912.
36
Calculate the greatest common divisor of 104310 and 1026.
342
What is the highest common factor of 147 and 68551?
49
Calculate the greatest common divisor of 495 and 275.
55
What is the greatest common factor of 288 and 8040672?
288
Calculate the greatest common factor of 192 and 2048064.
192
Calculate the greatest common factor of 398956 and 136.
68
Calculate the highest common factor of 1810 and 5282485.
905
Calculate the highest common factor of 147 and 74319.
21
What is the greatest common factor of 102 and 409666?
34
Calculate the highest common factor of 871 and 59852.
13
What is the highest common factor of 183325 and 75?
25
Calculate the highest common factor of 2919 and 2283631.
97